1
Let m = 12 + -7. Suppose m*l - 60 = -10. What is the units digit of l?
0
Let h(s) = 4*s**3 + 5*s**2 - 2*s + 7. What is the hundreds digit of h(4)?
3
Let n(i) be the first derivative of -i**4/4 - i**3/3 - 4*i - 1. What is the tens digit of n(-3)?
1
Suppose 3*y + 1 = -23. Let c(b) = -b + 1. Let u(o) = 13. Let w(j) = 2*c(j) - u(j). What is the units digit of w(y)?
5
Let w be 4/10 - (-6)/10. Let t be ((-10)/(-6) - w)*-18. What is the units digit of (10/8)/((-3)/t)?
5
Suppose 8 = 3*r + r. Suppose 3*y - 11 = -2*i, -5*i - 26 = -4*y - r*i. Suppose -y*t + 17 + 8 = 0. What is the units digit of t?
5
What is the units digit of (-4)/6*-15 + -1?
9
Suppose -12*r + 440 + 28 = 0. What is the units digit of r?
9
Suppose -2*q + 4 = 0, p + 5*q - 6 = -1. Suppose 0 = 3*i + l + 10 - 2, -5*l = 25. What is the units digit of (1 - p)*(-1)/i?
6
Let f = -52 - -32. Let q be f/(-8) - 2/(-4). Suppose -4*n = 2*l - 6, -q*n + 11 = -4*l - 21. What is the units digit of n?
4
What is the units digit of -1 - (22 - 4)/(-2)?
8
Suppose -211 = -5*t - 3*g, 2*t + 4*g - 105 = -15. What is the units digit of t?
1
Suppose 5*h + 314 - 891 = -2*l, 4*h - 4*l - 456 = 0. What is the tens digit of h?
1
What is the units digit of 20/(-3)*(1 + (-15)/6)?
0
Let h = 2 + 13. Let y = h - 3. What is the units digit of y?
2
What is the units digit of -1 - -128 - (-3 - -7)?
3
Let d = 119 + -129. Let t(z) = 9*z + 1 + 10*z**2 + z**2 + z**3 - 6. What is the units digit of t(d)?
5
Let s = -23 - -31. What is the units digit of s?
8
Let l = -11 - -18. Let t(x) = 5*x + 16. What is the tens digit of t(l)?
5
Suppose 1 = n, -2*n + 5*n - 19 = -4*l. What is the units digit of l/(-2 - 0) - -12?
0
Suppose 0 = -4*v + 2 + 6. Let l(p) = 2*p - 1 - 3*p - 2*p**2 + 3*p**v. What is the tens digit of l(4)?
1
What is the tens digit of (63/(-27))/(2/(-18))?
2
Suppose a - 2*l - 10 = 2*l, 0 = 2*a - 5*l - 29. What is the units digit of a?
2
Suppose -3*a = -8*a + 70. Suppose -h + 4 = -z - 3*h, -3*z = 2*h + 24. Let t = z + a. What is the units digit of t?
4
Suppose -29*b + 31*b = 90. What is the tens digit of b?
4
Let f = 5 - 3. Suppose -3*t + l + 0*l = -40, -3*l = -f*t + 36. What is the units digit of t?
2
Let m(w) = 2*w**2 - 3*w + 1. Let k be m(2). Suppose k*z = -5 + 17. What is the units digit of z?
4
Suppose -4*m + 2*b = 4*b - 692, m = 4*b + 155. What is the hundreds digit of m?
1
Let b be ((-294)/9)/((-2)/3). Suppose -3*o - 107 = b. What is the units digit of (-1)/(-3) + o/(-6)?
9
Let z(w) = w**3 - 5*w**2 - 5*w - 6. Let p be z(6). Let o = 2 - p. Suppose 4*l = -o + 26. What is the units digit of l?
6
Let c(f) = 63*f - 3. What is the units digit of c(2)?
3
Let y be -4 - -6 - (-4 + 2). Suppose y*k - 85 = -21. What is the tens digit of k?
1
Let j(m) = -3*m**3 + 33*m**2 - 41*m - 44. Let x(r) = r**3 - 11*r**2 + 14*r + 15. Let b(d) = 6*j(d) + 17*x(d). What is the units digit of b(10)?
1
Suppose -4*u = -5 - 11. Suppose 60 - 11 = 3*q + x, 2*q - 26 = -u*x. What is the units digit of q?
7
Let c be -2*7/4*8. Let q = -20 - c. What is the units digit of q?
8
Suppose -h + 105 = 2*h. Suppose 4*d = 5*w - h, -3*w = -0*w + d - 4. Suppose -4*z + 25 + w = 0. What is the units digit of z?
7
Suppose -i - 2*j - 3*j = -13, 2*i - 5*j = -4. Suppose -12 = -0*r - i*r. What is the units digit of r?
4
Let i be -4*(-7)/(-4)*-10. Suppose 5*o = 3*p + i, -o - p + 39 = o. What is the tens digit of o?
1
Let m(s) = -s**2 - 6*s + 3. Let i be m(-5). Let v = -2 + i. What is the units digit of (2/v)/((-4)/(-156))?
3
Let w = 0 + 5. Let c = 9 - w. What is the units digit of c?
4
Let j(p) = 29*p**2 - 2*p - 1. What is the tens digit of j(-1)?
3
What is the hundreds digit of 5448/16 - 2/(-8)*2?
3
Let l(d) = d**3 + 10*d**2 - 3*d - 7. What is the tens digit of l(-4)?
0
Suppose 0 = 3*b - n + 53 - 20, -4*b = -4*n + 52. What is the tens digit of ((-15)/10)/(1/b)?
1
Suppose 5*n = 0, 0*n + 5 = q + 4*n. What is the units digit of q?
5
Let c(v) = v**2 + 3*v + 6. What is the tens digit of c(-4)?
1
Suppose 0*r = 2*r - 58. Suppose -m = 4*i - 6*m - 51, -2*i + r = m. What is the units digit of i/(-6)*(-2 - 1)?
7
Let f = 5 - 3. Suppose f*s - 5*z - 39 - 62 = 0, 3*z = -4*s + 189. What is the tens digit of s?
4
What is the tens digit of 24/1*7/14?
1
Suppose -1957 = -10*w - 367. What is the hundreds digit of w?
1
Suppose 0 = -n - 4*n. Let d(x) = 2 - 4*x**2 + x + 5*x**2 + n*x + 0*x**2. What is the units digit of d(0)?
2
Let w = 148 - 17. What is the tens digit of w?
3
Let n be 6/4 - (-3)/6. Suppose -g + 6 = n*m - 5, -3*g = -m - 61. What is the units digit of g?
9
Let t = 10 + -29. What is the units digit of t/(-2)*(6 - 4)?
9
Let v be -1*(3 + 0) + 7. Suppose v*y + 5 + 7 = 0. What is the units digit of (1/y)/((-1)/12)?
4
Suppose 0*l = -5*t + 5*l + 35, -4*l = -2*t + 16. Let a = 24 - t. What is the tens digit of a?
1
Let j = 64 - 42. Let k = 39 - j. What is the tens digit of k?
1
Let x(n) = -n + 1. Let c be x(1). Suppose y - 3 + 0 = c. What is the units digit of y?
3
Suppose b + 2*b + 39 = 5*y, 0 = y - 5*b - 21. What is the units digit of y?
6
Suppose -8*p - 775 = -3071. What is the hundreds digit of p?
2
Let g(x) = -x - 2. Let z be g(-7). Suppose -139 + 44 = -z*r. What is the units digit of r?
9
Let v = 214 + -124. Let d be v/4 - 2/4. Suppose 3*x + 5*j + d = 55, 2*j - 12 = -x. What is the units digit of x?
6
Suppose -6 - 10 = -3*c + w, -14 = -c - 4*w. What is the units digit of c?
6
Suppose 5 = z - 0. Suppose z*a = 27 - 7. What is the units digit of a?
4
Let p(x) = 74*x**3 - x**2 + 1. Let b be p(1). Suppose -3*r + 5*m = -b, -5*r - m + 0*m + 114 = 0. What is the units digit of r?
3
Let y = 10 + 7. What is the units digit of y?
7
Suppose 0 = -4*k - 293 + 809. What is the tens digit of k?
2
Let t = -3 + 6. Let a(d) = -2 + 1 + 3 + d. What is the units digit of a(t)?
5
Let n(o) = 4*o + 4. Suppose -4 = 3*j - 4*j. What is the tens digit of n(j)?
2
Suppose 0 = -0*j + 3*j. Suppose 0*b - 4*b + 4 = j. Let m = b - -4. What is the units digit of m?
5
Suppose 2*m - 3*m - 86 = -4*u, 113 = 5*u - 4*m. Suppose -3*p = -u - 12. What is the units digit of p?
1
Let l(j) = j**2 + 10*j - 17. Let z be l(-15). Suppose 2*t = 2*r + 4*t - z, -5*t = -25. What is the tens digit of r?
2
Suppose 14*i - 11*i = 165. What is the tens digit of i?
5
Let p be 52/14 - 4/(-14). Let d(g) = g. Let n be d(2). Suppose -n = p*f - 18. What is the units digit of f?
4
Let y(d) = 6*d - 15. What is the units digit of y(7)?
7
Let m be 2/4 - (-876)/24. What is the units digit of m - 6/(2 + 1)?
5
Let u = 39 + -88. Let z = 73 + u. What is the tens digit of z?
2
Let c(p) = p**3 - p**2 - 4*p - 3. Let k be c(-2). Let f = 15 + k. What is the units digit of f?
8
Suppose 2*j = 4*g + 30, -2*j = 4*g - g + 5. Suppose 3*y - 33 = -4*d, 4*d - j*y - 7 - 2 = 0. What is the units digit of d?
6
What is the tens digit of 44/(-5)*15/(-6)?
2
Let p = 19 + -17. What is the units digit of p?
2
Let g = 24 - 47. Let c = -11 - g. What is the units digit of c?
2
Suppose -191 + 1496 = 9*r. What is the units digit of r?
5
Let i(u) be the third derivative of -u**6/120 - 7*u**5/60 - u**4/12 - 3*u**3/2 - 2*u**2. Let f be i(-7). What is the units digit of 8 + -1 - f/5?
6
Let m be (6/(-2))/((-4)/4). Suppose m*r - 10 = -2*r. What is the units digit of r?
2
Suppose 0*n - 5*r - 399 = -2*n, 4*n - 723 = -5*r. What is the tens digit of n?
8
Let r(v) = -6*v**3 + 3*v - 3. Let i(f) = 7*f**3 + f**2 - 3*f + 4. Let l(t) = 4*i(t) + 5*r(t). What is the units digit of l(-2)?
7
Let w(l) = -2*l**3 - 14*l**2 - 3*l - 12. Let h(c) = c**3 + 7*c**2 + 2*c + 6. Let y(g) = -5*h(g) - 2*w(g). What is the units digit of y(-7)?
2
Suppose -5*a + 559 = -2*a + 5*b, -4*b - 595 = -3*a. What is the units digit of a?
3
Let p = 6 + 217. What is the units digit of p?
3
Let n(m) = 20*m + 11. What is the tens digit of n(7)?
5
Let o(n) = 9*n + 4. Let v(j) = 8*j + 3. Let w(f) = 6*o(f) - 7*v(f). Let t be w(4). Let u = t - -9. What is the units digit of u?
4
Let v(m) = -m**3 - 14*m**2 - 16*m - 1. What is the units digit of v(-13)?
8
Let k(r) = r - 5. Let x be k(3). Let n(c) = -2*c. Let o be n(x). Suppose 12 = v - 4*v, o*v = -3*h - 1. What is the units digit of h?
5
What is the tens digit of (-5313)/(-92)*16/6?
5
Suppose j = -5*l + 23, -5*l + 5 + 0 = -5*j. Let u = 6 + -3. Suppose 39 = u*q + 3*o, -32 = -q - j*o - 9. What 